{"id":30692,"date":"2026-04-27T12:23:57","date_gmt":"2026-04-27T10:23:57","guid":{"rendered":"https:\/\/www.dressing-fashion.fr\/?post_type=product&#038;p=30692"},"modified":"2026-04-27T14:12:10","modified_gmt":"2026-04-27T12:12:10","slug":"ensemble-lumiere-florale-jorgie-paris","status":"publish","type":"product","link":"https:\/\/www.dressing-fashion.fr\/index.php\/produit\/ensemble-lumiere-florale-jorgie-paris\/","title":{"rendered":"Ensemble Lumi\u00e8re Florale \u2014 JORGIE Paris"},"content":{"rendered":"<p>&nbsp;<\/p>\n<p>Ensemble Lumi\u00e8re Florale \u2014 JORGIE Paris<\/p>\n<p>Ensemble \u00e9l\u00e9gant et lumineux sign\u00e9 JORGIE Paris, compos\u00e9 d\u2019une tunique fluide et d\u2019un pantalon satin imprim\u00e9 floral. Une association parfaite entre douceur et caract\u00e8re, pens\u00e9e pour sublimer les silhouettes avec confort et f\u00e9minit\u00e9.<\/p>\n<p>Haut (tunique fluide)<br \/>\nCoupe ample et tr\u00e8s confortable<br \/>\nD\u00e9collet\u00e9 arrondi avec d\u00e9tail bijou discret<br \/>\nManches fluides au tomb\u00e9 l\u00e9ger<br \/>\nCoupe asym\u00e9trique, plus longue \u00e0 l\u2019arri\u00e8re<br \/>\nTissu souple avec un beau mouvement<\/p>\n<p>Tunique pitch Blanche<br \/>\nTour de poitrine 140 cm<br \/>\nLongueur 94 cm<\/p>\n<p>Pantalon satin imprim\u00e9<br \/>\nMati\u00e8re satin\u00e9e douce et agr\u00e9able \u00e0 porter<br \/>\nImprim\u00e9 floral lumineux et \u00e9l\u00e9gant<br \/>\nCoupe large pour une belle aisance<br \/>\nTaille \u00e9lastique confortable<\/p>\n<p>Tour de taille (\u00e9tir\u00e9) : 126 cm<br \/>\nLongueur : 100 cm<\/p>\n<p>Le mannequin mesure 1m70 et taille un 46<\/p>\n<p>Les accessoires sont vendus s\u00e9par\u00e9ment.<\/p>\n<p>&nbsp;<\/p>\n<p>#jorgieparis<br \/>\n#fabriqu\u00e9enfrance<br \/>\n#modegrandetaille<br \/>\n#femmespulpeuses<br \/>\n#stylefran\u00e7ais<br \/>\n#\u00e9l\u00e9gancefeminine<br \/>\n#lookcurvy<br \/>\n#dressingfashion<\/p>\n<p>#carcassonne<\/p>\n<p>&nbsp;<\/p>\n","protected":false},"excerpt":{"rendered":"<p>&nbsp; Ensemble Lumi\u00e8re Florale \u2014 JORGIE Paris Ensemble \u00e9l\u00e9gant et lumineux sign\u00e9 JORGIE Paris, compos\u00e9 d\u2019une tunique fluide et d\u2019un pantalon satin imprim\u00e9 floral. Une association parfaite entre douceur et caract\u00e8re, pens\u00e9e pour sublimer les silhouettes avec confort et f\u00e9minit\u00e9. Haut (tunique fluide) Coupe ample et tr\u00e8s confortable D\u00e9collet\u00e9 arrondi avec d\u00e9tail bijou discret Manches [&hellip;]<\/p>\n","protected":false},"featured_media":30712,"comment_status":"open","ping_status":"closed","template":"","meta":{"site-sidebar-layout":"default","site-content-layout":"default","ast-site-content-layout":"default","site-content-style":"default","site-sidebar-style":"default","ast-global-header-display":"","ast-banner-title-visibility":"","ast-main-header-display":"","ast-hfb-above-header-display":"","ast-hfb-below-header-display":"","ast-hfb-mobile-header-display":"","site-post-title":"","ast-breadcrumbs-content":"","ast-featured-img":"","footer-sml-layout":"","ast-disable-related-posts":"","theme-transparent-header-meta":"default","adv-header-id-meta":"","stick-header-meta":"","header-above-stick-meta":"","header-main-stick-meta":"","header-below-stick-meta":"","astra-migrate-meta-layouts":"set","ast-page-background-enabled":"default","ast-page-background-meta":{"desktop":{"background-color":"","background-image":"","background-repeat":"repeat","background-position":"center center","background-size":"auto","background-attachment":"scroll","background-type":"","background-media":"","overlay-type":"","overlay-color":"","overlay-opacity":"","overlay-gradient":""},"tablet":{"background-color":"","background-image":"","background-repeat":"repeat","background-position":"center center","background-size":"auto","background-attachment":"scroll","background-type":"","background-media":"","overlay-type":"","overlay-color":"","overlay-opacity":"","overlay-gradient":""},"mobile":{"background-color":"","background-image":"","background-repeat":"repeat","background-position":"center center","background-size":"auto","background-attachment":"scroll","background-type":"","background-media":"","overlay-type":"","overlay-color":"","overlay-opacity":"","overlay-gradient":""}},"ast-content-background-meta":{"desktop":{"background-color":"var(--ast-global-color-5)","background-image":"","background-repeat":"repeat","background-position":"center center","background-size":"auto","background-attachment":"scroll","background-type":"","background-media":"","overlay-type":"","overlay-color":"","overlay-opacity":"","overlay-gradient":""},"tablet":{"background-color":"var(--ast-global-color-5)","background-image":"","background-repeat":"repeat","background-position":"center center","background-size":"auto","background-attachment":"scroll","background-type":"","background-media":"","overlay-type":"","overlay-color":"","overlay-opacity":"","overlay-gradient":""},"mobile":{"background-color":"var(--ast-global-color-5)","background-image":"","background-repeat":"repeat","background-position":"center center","background-size":"auto","background-attachment":"scroll","background-type":"","background-media":"","overlay-type":"","overlay-color":"","overlay-opacity":"","overlay-gradient":""}},"_glsr_average":0,"_glsr_ranking":0,"_glsr_reviews":0},"product_brand":[],"product_cat":[358,356,108,84],"product_tag":[],"class_list":{"0":"post-30692","1":"product","2":"type-product","3":"status-publish","4":"has-post-thumbnail","6":"product_cat-jorgie-paris","7":"product_cat-made-in-france","8":"product_cat-nouveautes-de-la-semaine","9":"product_cat-nouvellecollection","10":"desktop-align-left","11":"tablet-align-left","12":"mobile-align-left","14":"first","15":"instock","16":"shipping-taxable","17":"purchasable","18":"product-type-simple"},"jetpack_sharing_enabled":true,"_links":{"self":[{"href":"https:\/\/www.dressing-fashion.fr\/index.php\/wp-json\/wp\/v2\/product\/30692","targetHints":{"allow":["GET"]}}],"collection":[{"href":"https:\/\/www.dressing-fashion.fr\/index.php\/wp-json\/wp\/v2\/product"}],"about":[{"href":"https:\/\/www.dressing-fashion.fr\/index.php\/wp-json\/wp\/v2\/types\/product"}],"replies":[{"embeddable":true,"href":"https:\/\/www.dressing-fashion.fr\/index.php\/wp-json\/wp\/v2\/comments?post=30692"}],"version-history":[{"count":4,"href":"https:\/\/www.dressing-fashion.fr\/index.php\/wp-json\/wp\/v2\/product\/30692\/revisions"}],"predecessor-version":[{"id":30701,"href":"https:\/\/www.dressing-fashion.fr\/index.php\/wp-json\/wp\/v2\/product\/30692\/revisions\/30701"}],"wp:featuredmedia":[{"embeddable":true,"href":"https:\/\/www.dressing-fashion.fr\/index.php\/wp-json\/wp\/v2\/media\/30712"}],"wp:attachment":[{"href":"https:\/\/www.dressing-fashion.fr\/index.php\/wp-json\/wp\/v2\/media?parent=30692"}],"wp:term":[{"taxonomy":"product_brand","embeddable":true,"href":"https:\/\/www.dressing-fashion.fr\/index.php\/wp-json\/wp\/v2\/product_brand?post=30692"},{"taxonomy":"product_cat","embeddable":true,"href":"https:\/\/www.dressing-fashion.fr\/index.php\/wp-json\/wp\/v2\/product_cat?post=30692"},{"taxonomy":"product_tag","embeddable":true,"href":"https:\/\/www.dressing-fashion.fr\/index.php\/wp-json\/wp\/v2\/product_tag?post=30692"}],"curies":[{"name":"wp","href":"https:\/\/api.w.org\/{rel}","templated":true}]}}