{"id":30535,"date":"2026-02-20T16:01:55","date_gmt":"2026-02-20T15:01:55","guid":{"rendered":"https:\/\/www.dressing-fashion.fr\/?post_type=product&#038;p=30535"},"modified":"2026-02-20T16:17:00","modified_gmt":"2026-02-20T15:17:00","slug":"sac-a-dos-luna","status":"publish","type":"product","link":"https:\/\/www.dressing-fashion.fr\/index.php\/produit\/sac-a-dos-luna\/","title":{"rendered":"Sac \u00e0 dos Luna"},"content":{"rendered":"<p>Sac \u00e0 dos Luna \u2014 Disponible en 2 coloris : Apricot &amp; Noir<\/p>\n<p>Sac \u00e0 dos neuf, jamais utilis\u00e9, au design chic et intemporel. Sa texture grain\u00e9e \u00e9l\u00e9gante et ses d\u00e9tails en laiton dor\u00e9 lui apportent une touche raffin\u00e9e, id\u00e9ale pour le quotidien comme pour une id\u00e9e cadeau.<\/p>\n<p>Compact, l\u00e9ger et pratique, il accompagne facilement toutes vos tenues.<\/p>\n<p>Caract\u00e9ristiques :<\/p>\n<p>* Fermeture : zip sup\u00e9rieur s\u00e9curis\u00e9<br \/>\n* Poches :<br \/>\n\u2014 1 poche avant zipp\u00e9e<br \/>\n\u2014 2 poches lat\u00e9rales pratiques<br \/>\n* Bretelles : r\u00e9glables pour un confort optimal<br \/>\n* Couleurs : Apricot (beige avec d\u00e9tails camel) et Noir<br \/>\n* Mati\u00e8re : cuir PU effet grain\u00e9<br \/>\n* Finition : \u00e9l\u00e9gante, l\u00e9g\u00e8rement matelass\u00e9e<br \/>\n* Dimensions : environ 25 \u00d7 31 \u00d7 12 cm<\/p>\n<p>Remarque : les photos sont retouch\u00e9es et les couleurs peuvent l\u00e9g\u00e8rement varier selon la lumi\u00e8re et l\u2019\u00e9cran.<\/p>\n","protected":false},"excerpt":{"rendered":"<p>Sac \u00e0 dos Luna \u2014 Disponible en 2 coloris : Apricot &amp; Noir Sac \u00e0 dos neuf, jamais utilis\u00e9, au design chic et intemporel. Sa texture grain\u00e9e \u00e9l\u00e9gante et ses d\u00e9tails en laiton dor\u00e9 lui apportent une touche raffin\u00e9e, id\u00e9ale pour le quotidien comme pour une id\u00e9e cadeau. Compact, l\u00e9ger et pratique, il accompagne facilement [&hellip;]<\/p>\n","protected":false},"featured_media":30554,"comment_status":"open","ping_status":"closed","template":"","meta":{"site-sidebar-layout":"default","site-content-layout":"default","ast-site-content-layout":"default","site-content-style":"default","site-sidebar-style":"default","ast-global-header-display":"","ast-banner-title-visibility":"","ast-main-header-display":"","ast-hfb-above-header-display":"","ast-hfb-below-header-display":"","ast-hfb-mobile-header-display":"","site-post-title":"","ast-breadcrumbs-content":"","ast-featured-img":"","footer-sml-layout":"","ast-disable-related-posts":"","theme-transparent-header-meta":"default","adv-header-id-meta":"","stick-header-meta":"","header-above-stick-meta":"","header-main-stick-meta":"","header-below-stick-meta":"","astra-migrate-meta-layouts":"set","ast-page-background-enabled":"default","ast-page-background-meta":{"desktop":{"background-color":"","background-image":"","background-repeat":"repeat","background-position":"center center","background-size":"auto","background-attachment":"scroll","background-type":"","background-media":"","overlay-type":"","overlay-color":"","overlay-opacity":"","overlay-gradient":""},"tablet":{"background-color":"","background-image":"","background-repeat":"repeat","background-position":"center center","background-size":"auto","background-attachment":"scroll","background-type":"","background-media":"","overlay-type":"","overlay-color":"","overlay-opacity":"","overlay-gradient":""},"mobile":{"background-color":"","background-image":"","background-repeat":"repeat","background-position":"center center","background-size":"auto","background-attachment":"scroll","background-type":"","background-media":"","overlay-type":"","overlay-color":"","overlay-opacity":"","overlay-gradient":""}},"ast-content-background-meta":{"desktop":{"background-color":"var(--ast-global-color-5)","background-image":"","background-repeat":"repeat","background-position":"center center","background-size":"auto","background-attachment":"scroll","background-type":"","background-media":"","overlay-type":"","overlay-color":"","overlay-opacity":"","overlay-gradient":""},"tablet":{"background-color":"var(--ast-global-color-5)","background-image":"","background-repeat":"repeat","background-position":"center center","background-size":"auto","background-attachment":"scroll","background-type":"","background-media":"","overlay-type":"","overlay-color":"","overlay-opacity":"","overlay-gradient":""},"mobile":{"background-color":"var(--ast-global-color-5)","background-image":"","background-repeat":"repeat","background-position":"center center","background-size":"auto","background-attachment":"scroll","background-type":"","background-media":"","overlay-type":"","overlay-color":"","overlay-opacity":"","overlay-gradient":""}},"_glsr_average":0,"_glsr_ranking":0,"_glsr_reviews":0},"product_brand":[],"product_cat":[48,59,108,57],"product_tag":[],"class_list":{"0":"post-30535","1":"product","2":"type-product","3":"status-publish","4":"has-post-thumbnail","6":"product_cat-accessoires","7":"product_cat-bon-plan","8":"product_cat-nouveautes-de-la-semaine","9":"product_cat-sacs","10":"desktop-align-left","11":"tablet-align-left","12":"mobile-align-left","14":"first","15":"instock","16":"sale","17":"shipping-taxable","18":"purchasable","19":"product-type-variable"},"jetpack_sharing_enabled":true,"_links":{"self":[{"href":"https:\/\/www.dressing-fashion.fr\/index.php\/wp-json\/wp\/v2\/product\/30535","targetHints":{"allow":["GET"]}}],"collection":[{"href":"https:\/\/www.dressing-fashion.fr\/index.php\/wp-json\/wp\/v2\/product"}],"about":[{"href":"https:\/\/www.dressing-fashion.fr\/index.php\/wp-json\/wp\/v2\/types\/product"}],"replies":[{"embeddable":true,"href":"https:\/\/www.dressing-fashion.fr\/index.php\/wp-json\/wp\/v2\/comments?post=30535"}],"version-history":[{"count":1,"href":"https:\/\/www.dressing-fashion.fr\/index.php\/wp-json\/wp\/v2\/product\/30535\/revisions"}],"predecessor-version":[{"id":30553,"href":"https:\/\/www.dressing-fashion.fr\/index.php\/wp-json\/wp\/v2\/product\/30535\/revisions\/30553"}],"wp:featuredmedia":[{"embeddable":true,"href":"https:\/\/www.dressing-fashion.fr\/index.php\/wp-json\/wp\/v2\/media\/30554"}],"wp:attachment":[{"href":"https:\/\/www.dressing-fashion.fr\/index.php\/wp-json\/wp\/v2\/media?parent=30535"}],"wp:term":[{"taxonomy":"product_brand","embeddable":true,"href":"https:\/\/www.dressing-fashion.fr\/index.php\/wp-json\/wp\/v2\/product_brand?post=30535"},{"taxonomy":"product_cat","embeddable":true,"href":"https:\/\/www.dressing-fashion.fr\/index.php\/wp-json\/wp\/v2\/product_cat?post=30535"},{"taxonomy":"product_tag","embeddable":true,"href":"https:\/\/www.dressing-fashion.fr\/index.php\/wp-json\/wp\/v2\/product_tag?post=30535"}],"curies":[{"name":"wp","href":"https:\/\/api.w.org\/{rel}","templated":true}]}}