{"id":30439,"date":"2026-02-14T16:23:24","date_gmt":"2026-02-14T15:23:24","guid":{"rendered":"https:\/\/www.dressing-fashion.fr\/?post_type=product&#038;p=30439"},"modified":"2026-02-14T16:55:53","modified_gmt":"2026-02-14T15:55:53","slug":"robe-chemise-leo","status":"publish","type":"product","link":"https:\/\/www.dressing-fashion.fr\/index.php\/produit\/robe-chemise-leo\/","title":{"rendered":"Robe Chemise L\u00e9o JORGIE Paris"},"content":{"rendered":"<p>Magnifique robe chemise JORGIE Paris sp\u00e9cialement con\u00e7ue pour les femmes pulpeuses, offrant une coupe impeccable et un tomb\u00e9 fluide caract\u00e9ristique de la marque.<\/p>\n<p>Son imprim\u00e9 v\u00e9g\u00e9tal noir et beige apporte une touche \u00e9l\u00e9gante, moderne et intemporelle, facile \u00e0 porter en toute saison. La ceinture dans le m\u00eame tissu permet de souligner la taille tout en gardant un grand confort.<\/p>\n<p>Confectionn\u00e9e en viscose l\u00e9g\u00e8re et agr\u00e9able, cette robe assure un mouvement fluide et une sensation douce sur la peau.<\/p>\n<p>\u2714\ufe0f D\u00e9tails du mod\u00e8le<\/p>\n<p>\u2714\ufe0f Coupe trap\u00e8ze flatteuse<br \/>\n\u2714\ufe0f Ceinture amovible dans le m\u00eame tissu<br \/>\n\u2714\ufe0f Col chemise avec boutonnage sur toute la longueur<br \/>\n\u2714\ufe0f Manches retroussables avec patte de maintien<br \/>\n\u2714\ufe0f Longueur midi \u00e9l\u00e9gante<br \/>\n\u2714\ufe0f Tomb\u00e9 fluide et confortable<br \/>\n\u2714\ufe0f Fabrication JORGIE Paris<\/p>\n<p>\u2714\ufe0f Mesures<\/p>\n<p>* Tour de poitrine : 126 cm<br \/>\n* Longueur : 124 cm<\/p>\n<p>\u2714\ufe0f Mati\u00e8re<\/p>\n<p>* 100 % viscose<\/p>\n<p>Une robe chic et polyvalente qui se porte aussi bien avec des bottines, des talons ou des baskets pour un look \u00e9l\u00e9gant sans effort.<\/p>\n<p>Infos mannequin :<br \/>\nLe mannequin mesure 1,70 m et porte habituellement du 46.<\/p>\n<p>Conseils d\u2019entretien :<br \/>\nLavage en machine \u00e0 froid \u2013 Programme d\u00e9licat \u2013 Ne pas utiliser de javel \u2013 Repassage doux.<\/p>\n","protected":false},"excerpt":{"rendered":"<p>Magnifique robe chemise JORGIE Paris sp\u00e9cialement con\u00e7ue pour les femmes pulpeuses, offrant une coupe impeccable et un tomb\u00e9 fluide caract\u00e9ristique de la marque. Son imprim\u00e9 v\u00e9g\u00e9tal noir et beige apporte une touche \u00e9l\u00e9gante, moderne et intemporelle, facile \u00e0 porter en toute saison. La ceinture dans le m\u00eame tissu permet de souligner la taille tout en [&hellip;]<\/p>\n","protected":false},"featured_media":30448,"comment_status":"open","ping_status":"closed","template":"","meta":{"site-sidebar-layout":"default","site-content-layout":"default","ast-site-content-layout":"default","site-content-style":"default","site-sidebar-style":"default","ast-global-header-display":"","ast-banner-title-visibility":"","ast-main-header-display":"","ast-hfb-above-header-display":"","ast-hfb-below-header-display":"","ast-hfb-mobile-header-display":"","site-post-title":"","ast-breadcrumbs-content":"","ast-featured-img":"","footer-sml-layout":"","ast-disable-related-posts":"","theme-transparent-header-meta":"default","adv-header-id-meta":"","stick-header-meta":"","header-above-stick-meta":"","header-main-stick-meta":"","header-below-stick-meta":"","astra-migrate-meta-layouts":"set","ast-page-background-enabled":"default","ast-page-background-meta":{"desktop":{"background-color":"","background-image":"","background-repeat":"repeat","background-position":"center center","background-size":"auto","background-attachment":"scroll","background-type":"","background-media":"","overlay-type":"","overlay-color":"","overlay-opacity":"","overlay-gradient":""},"tablet":{"background-color":"","background-image":"","background-repeat":"repeat","background-position":"center center","background-size":"auto","background-attachment":"scroll","background-type":"","background-media":"","overlay-type":"","overlay-color":"","overlay-opacity":"","overlay-gradient":""},"mobile":{"background-color":"","background-image":"","background-repeat":"repeat","background-position":"center center","background-size":"auto","background-attachment":"scroll","background-type":"","background-media":"","overlay-type":"","overlay-color":"","overlay-opacity":"","overlay-gradient":""}},"ast-content-background-meta":{"desktop":{"background-color":"var(--ast-global-color-5)","background-image":"","background-repeat":"repeat","background-position":"center center","background-size":"auto","background-attachment":"scroll","background-type":"","background-media":"","overlay-type":"","overlay-color":"","overlay-opacity":"","overlay-gradient":""},"tablet":{"background-color":"var(--ast-global-color-5)","background-image":"","background-repeat":"repeat","background-position":"center center","background-size":"auto","background-attachment":"scroll","background-type":"","background-media":"","overlay-type":"","overlay-color":"","overlay-opacity":"","overlay-gradient":""},"mobile":{"background-color":"var(--ast-global-color-5)","background-image":"","background-repeat":"repeat","background-position":"center center","background-size":"auto","background-attachment":"scroll","background-type":"","background-media":"","overlay-type":"","overlay-color":"","overlay-opacity":"","overlay-gradient":""}},"_glsr_average":0,"_glsr_ranking":0,"_glsr_reviews":0},"product_brand":[],"product_cat":[35,358,108,41],"product_tag":[],"class_list":{"0":"post-30439","1":"product","2":"type-product","3":"status-publish","4":"has-post-thumbnail","6":"product_cat-grandes-tailles","7":"product_cat-jorgie-paris","8":"product_cat-nouveautes-de-la-semaine","9":"product_cat-robes-grandes-tailles","10":"desktop-align-left","11":"tablet-align-left","12":"mobile-align-left","14":"first","15":"instock","16":"sale","17":"shipping-taxable","18":"purchasable","19":"product-type-simple"},"jetpack_sharing_enabled":true,"_links":{"self":[{"href":"https:\/\/www.dressing-fashion.fr\/index.php\/wp-json\/wp\/v2\/product\/30439","targetHints":{"allow":["GET"]}}],"collection":[{"href":"https:\/\/www.dressing-fashion.fr\/index.php\/wp-json\/wp\/v2\/product"}],"about":[{"href":"https:\/\/www.dressing-fashion.fr\/index.php\/wp-json\/wp\/v2\/types\/product"}],"replies":[{"embeddable":true,"href":"https:\/\/www.dressing-fashion.fr\/index.php\/wp-json\/wp\/v2\/comments?post=30439"}],"version-history":[{"count":3,"href":"https:\/\/www.dressing-fashion.fr\/index.php\/wp-json\/wp\/v2\/product\/30439\/revisions"}],"predecessor-version":[{"id":30451,"href":"https:\/\/www.dressing-fashion.fr\/index.php\/wp-json\/wp\/v2\/product\/30439\/revisions\/30451"}],"wp:featuredmedia":[{"embeddable":true,"href":"https:\/\/www.dressing-fashion.fr\/index.php\/wp-json\/wp\/v2\/media\/30448"}],"wp:attachment":[{"href":"https:\/\/www.dressing-fashion.fr\/index.php\/wp-json\/wp\/v2\/media?parent=30439"}],"wp:term":[{"taxonomy":"product_brand","embeddable":true,"href":"https:\/\/www.dressing-fashion.fr\/index.php\/wp-json\/wp\/v2\/product_brand?post=30439"},{"taxonomy":"product_cat","embeddable":true,"href":"https:\/\/www.dressing-fashion.fr\/index.php\/wp-json\/wp\/v2\/product_cat?post=30439"},{"taxonomy":"product_tag","embeddable":true,"href":"https:\/\/www.dressing-fashion.fr\/index.php\/wp-json\/wp\/v2\/product_tag?post=30439"}],"curies":[{"name":"wp","href":"https:\/\/api.w.org\/{rel}","templated":true}]}}