{"id":28284,"date":"2025-11-02T15:34:37","date_gmt":"2025-11-02T14:34:37","guid":{"rendered":"https:\/\/www.dressing-fashion.fr\/?post_type=product&#038;p=28284"},"modified":"2025-11-25T16:26:40","modified_gmt":"2025-11-25T15:26:40","slug":"pull-diva","status":"publish","type":"product","link":"https:\/\/www.dressing-fashion.fr\/index.php\/produit\/pull-diva\/","title":{"rendered":"Pull Diva"},"content":{"rendered":"<p>Pull Diva<\/p>\n<p>Un pull chic et original avec un imprim\u00e9 f\u00e9minin moderne et audacieux, sublim\u00e9 par des touches l\u00e9opard. Une pi\u00e8ce tendance qui m\u00e9lange confort et style pour un look unique.<\/p>\n<p>D\u00e9tails du produit :<br \/>\n\u2022 Col V<br \/>\n\u2022 Manches longues<br \/>\n\u2022 Imprim\u00e9 devant et dos<br \/>\n\u2022 Taille unique adapt\u00e9e jusqu\u2019au 46<\/p>\n<p>Mesures (\u00e0 plat) :<br \/>\n\u2022 Tour de poitrine : 130 cm<br \/>\n\u2022 Longueur : 70 cm<\/p>\n<p>Mati\u00e8re : 95% viscose \u2013 5% \u00e9lasthanne<br \/>\nProduit en Italie \ud83c\uddee\ud83c\uddf9<\/p>\n<p>Infos mannequin :<br \/>\nLe mannequin mesure 1,70 m et porte habituellement du 46.<\/p>\n<p>Conseils d\u2019entretien :<br \/>\nLavage en machine \u00e0 froid \u2013 Programme d\u00e9licat \u2013 Eau de javel interdite.<\/p>\n","protected":false},"excerpt":{"rendered":"<p>Pull Diva Un pull chic et original avec un imprim\u00e9 f\u00e9minin moderne et audacieux, sublim\u00e9 par des touches l\u00e9opard. Une pi\u00e8ce tendance qui m\u00e9lange confort et style pour un look unique. D\u00e9tails du produit : \u2022 Col V \u2022 Manches longues \u2022 Imprim\u00e9 devant et dos \u2022 Taille unique adapt\u00e9e jusqu\u2019au 46 Mesures (\u00e0 plat) [&hellip;]<\/p>\n","protected":false},"featured_media":28288,"comment_status":"open","ping_status":"closed","template":"","meta":{"site-sidebar-layout":"default","site-content-layout":"default","ast-site-content-layout":"default","site-content-style":"default","site-sidebar-style":"default","ast-global-header-display":"","ast-banner-title-visibility":"","ast-main-header-display":"","ast-hfb-above-header-display":"","ast-hfb-below-header-display":"","ast-hfb-mobile-header-display":"","site-post-title":"","ast-breadcrumbs-content":"","ast-featured-img":"","footer-sml-layout":"","ast-disable-related-posts":"","theme-transparent-header-meta":"default","adv-header-id-meta":"","stick-header-meta":"","header-above-stick-meta":"","header-main-stick-meta":"","header-below-stick-meta":"","astra-migrate-meta-layouts":"set","ast-page-background-enabled":"default","ast-page-background-meta":{"desktop":{"background-color":"","background-image":"","background-repeat":"repeat","background-position":"center center","background-size":"auto","background-attachment":"scroll","background-type":"","background-media":"","overlay-type":"","overlay-color":"","overlay-opacity":"","overlay-gradient":""},"tablet":{"background-color":"","background-image":"","background-repeat":"repeat","background-position":"center center","background-size":"auto","background-attachment":"scroll","background-type":"","background-media":"","overlay-type":"","overlay-color":"","overlay-opacity":"","overlay-gradient":""},"mobile":{"background-color":"","background-image":"","background-repeat":"repeat","background-position":"center center","background-size":"auto","background-attachment":"scroll","background-type":"","background-media":"","overlay-type":"","overlay-color":"","overlay-opacity":"","overlay-gradient":""}},"ast-content-background-meta":{"desktop":{"background-color":"var(--ast-global-color-5)","background-image":"","background-repeat":"repeat","background-position":"center center","background-size":"auto","background-attachment":"scroll","background-type":"","background-media":"","overlay-type":"","overlay-color":"","overlay-opacity":"","overlay-gradient":""},"tablet":{"background-color":"var(--ast-global-color-5)","background-image":"","background-repeat":"repeat","background-position":"center center","background-size":"auto","background-attachment":"scroll","background-type":"","background-media":"","overlay-type":"","overlay-color":"","overlay-opacity":"","overlay-gradient":""},"mobile":{"background-color":"var(--ast-global-color-5)","background-image":"","background-repeat":"repeat","background-position":"center center","background-size":"auto","background-attachment":"scroll","background-type":"","background-media":"","overlay-type":"","overlay-color":"","overlay-opacity":"","overlay-gradient":""}},"_glsr_average":0,"_glsr_ranking":0,"_glsr_reviews":0},"product_brand":[],"product_cat":[59,26,35,108,84,40,24],"product_tag":[],"class_list":{"0":"post-28284","1":"product","2":"type-product","3":"status-publish","4":"has-post-thumbnail","6":"product_cat-bon-plan","7":"product_cat-gilets-et-pulls","8":"product_cat-grandes-tailles","9":"product_cat-nouveautes-de-la-semaine","10":"product_cat-nouvellecollection","11":"product_cat-pullsetgilets","12":"product_cat-vetements","13":"desktop-align-left","14":"tablet-align-left","15":"mobile-align-left","17":"first","18":"outofstock","19":"sale","20":"shipping-taxable","21":"purchasable","22":"product-type-simple"},"jetpack_sharing_enabled":true,"_links":{"self":[{"href":"https:\/\/www.dressing-fashion.fr\/index.php\/wp-json\/wp\/v2\/product\/28284","targetHints":{"allow":["GET"]}}],"collection":[{"href":"https:\/\/www.dressing-fashion.fr\/index.php\/wp-json\/wp\/v2\/product"}],"about":[{"href":"https:\/\/www.dressing-fashion.fr\/index.php\/wp-json\/wp\/v2\/types\/product"}],"replies":[{"embeddable":true,"href":"https:\/\/www.dressing-fashion.fr\/index.php\/wp-json\/wp\/v2\/comments?post=28284"}],"version-history":[{"count":1,"href":"https:\/\/www.dressing-fashion.fr\/index.php\/wp-json\/wp\/v2\/product\/28284\/revisions"}],"predecessor-version":[{"id":28289,"href":"https:\/\/www.dressing-fashion.fr\/index.php\/wp-json\/wp\/v2\/product\/28284\/revisions\/28289"}],"wp:featuredmedia":[{"embeddable":true,"href":"https:\/\/www.dressing-fashion.fr\/index.php\/wp-json\/wp\/v2\/media\/28288"}],"wp:attachment":[{"href":"https:\/\/www.dressing-fashion.fr\/index.php\/wp-json\/wp\/v2\/media?parent=28284"}],"wp:term":[{"taxonomy":"product_brand","embeddable":true,"href":"https:\/\/www.dressing-fashion.fr\/index.php\/wp-json\/wp\/v2\/product_brand?post=28284"},{"taxonomy":"product_cat","embeddable":true,"href":"https:\/\/www.dressing-fashion.fr\/index.php\/wp-json\/wp\/v2\/product_cat?post=28284"},{"taxonomy":"product_tag","embeddable":true,"href":"https:\/\/www.dressing-fashion.fr\/index.php\/wp-json\/wp\/v2\/product_tag?post=28284"}],"curies":[{"name":"wp","href":"https:\/\/api.w.org\/{rel}","templated":true}]}}