{"id":27389,"date":"2026-02-23T10:06:37","date_gmt":"2026-02-23T09:06:37","guid":{"rendered":"https:\/\/www.dressing-fashion.fr\/?post_type=product&#038;p=27389"},"modified":"2026-02-28T16:50:02","modified_gmt":"2026-02-28T15:50:02","slug":"robe-frida-kahlo-edition-artistique","status":"publish","type":"product","link":"https:\/\/www.dressing-fashion.fr\/index.php\/produit\/robe-frida-kahlo-edition-artistique\/","title":{"rendered":"Robe Frida Kahlo \u2013 \u00c9dition artistique"},"content":{"rendered":"<p>&nbsp;<\/p>\n<p>Robe Frida Kahlo \u2013 \u00c9dition artistique<\/p>\n<p>Une pi\u00e8ce forte et unique \u00e0 l\u2019image de l\u2019ic\u00f4ne qu\u2019elle repr\u00e9sente. Cette robe imprim\u00e9e de Frida Kahlo \u00e0 l\u2019avant et \u00e0 l\u2019arri\u00e8re attire tous les regards gr\u00e2ce \u00e0 ses couleurs vibrantes et son style affirm\u00e9.<br \/>\n\u2022 Tour de poitrine : jusqu\u2019\u00e0 150 cm<br \/>\n\u2022 Tour de hanches : jusqu\u2019\u00e0 150 cm<br \/>\n\u2022 Longueur : 135 cm<br \/>\n\u2022 Composition : 75% viscose, 25% polyester, 5% \u00e9lasthanne<br \/>\n\u2022 Imprim\u00e9 : visage de Frida Kahlo, devant et dos<br \/>\n\u2022 Collection : Nouvelle collection<\/p>\n<p>Taille unique \u2013 convient aux morphologies du 46 au 52\/54<\/p>\n<p>#FridaKahlo #RobeGrandeTaille #ModeColor\u00e9e #RobeArt #FemmesPulpeuses #DressingFashion<\/p>\n<p>&nbsp;<\/p>\n<p>&nbsp;<\/p>\n<p>Ajoutez une touche de style et de confort \u00e0 votre garde-robe !<\/p>\n<p>Commandez la v\u00f4tre d\u00e8s maintenant !<\/p>\n<p>Les accessoires sont vendus s\u00e9par\u00e9ment.<\/p>\n<p>Lavage en machine \u00e0 froid \u2013 Programme d\u00e9licat \u2013 Eau de javel interdite<\/p>\n","protected":false},"excerpt":{"rendered":"<p>&nbsp; Robe Frida Kahlo \u2013 \u00c9dition artistique Une pi\u00e8ce forte et unique \u00e0 l\u2019image de l\u2019ic\u00f4ne qu\u2019elle repr\u00e9sente. Cette robe imprim\u00e9e de Frida Kahlo \u00e0 l\u2019avant et \u00e0 l\u2019arri\u00e8re attire tous les regards gr\u00e2ce \u00e0 ses couleurs vibrantes et son style affirm\u00e9. \u2022 Tour de poitrine : jusqu\u2019\u00e0 150 cm \u2022 Tour de hanches : [&hellip;]<\/p>\n","protected":false},"featured_media":27394,"comment_status":"open","ping_status":"closed","template":"","meta":{"site-sidebar-layout":"default","site-content-layout":"default","ast-site-content-layout":"default","site-content-style":"default","site-sidebar-style":"default","ast-global-header-display":"","ast-banner-title-visibility":"","ast-main-header-display":"","ast-hfb-above-header-display":"","ast-hfb-below-header-display":"","ast-hfb-mobile-header-display":"","site-post-title":"","ast-breadcrumbs-content":"","ast-featured-img":"","footer-sml-layout":"","ast-disable-related-posts":"","theme-transparent-header-meta":"default","adv-header-id-meta":"","stick-header-meta":"","header-above-stick-meta":"","header-main-stick-meta":"","header-below-stick-meta":"","astra-migrate-meta-layouts":"set","ast-page-background-enabled":"default","ast-page-background-meta":{"desktop":{"background-color":"","background-image":"","background-repeat":"repeat","background-position":"center center","background-size":"auto","background-attachment":"scroll","background-type":"","background-media":"","overlay-type":"","overlay-color":"","overlay-opacity":"","overlay-gradient":""},"tablet":{"background-color":"","background-image":"","background-repeat":"repeat","background-position":"center center","background-size":"auto","background-attachment":"scroll","background-type":"","background-media":"","overlay-type":"","overlay-color":"","overlay-opacity":"","overlay-gradient":""},"mobile":{"background-color":"","background-image":"","background-repeat":"repeat","background-position":"center center","background-size":"auto","background-attachment":"scroll","background-type":"","background-media":"","overlay-type":"","overlay-color":"","overlay-opacity":"","overlay-gradient":""}},"ast-content-background-meta":{"desktop":{"background-color":"var(--ast-global-color-5)","background-image":"","background-repeat":"repeat","background-position":"center center","background-size":"auto","background-attachment":"scroll","background-type":"","background-media":"","overlay-type":"","overlay-color":"","overlay-opacity":"","overlay-gradient":""},"tablet":{"background-color":"var(--ast-global-color-5)","background-image":"","background-repeat":"repeat","background-position":"center center","background-size":"auto","background-attachment":"scroll","background-type":"","background-media":"","overlay-type":"","overlay-color":"","overlay-opacity":"","overlay-gradient":""},"mobile":{"background-color":"var(--ast-global-color-5)","background-image":"","background-repeat":"repeat","background-position":"center center","background-size":"auto","background-attachment":"scroll","background-type":"","background-media":"","overlay-type":"","overlay-color":"","overlay-opacity":"","overlay-gradient":""}},"_glsr_average":0,"_glsr_ranking":0,"_glsr_reviews":0},"product_brand":[],"product_cat":[59,294,35,108,84,31,41,24],"product_tag":[],"class_list":{"0":"post-27389","1":"product","2":"type-product","3":"status-publish","4":"has-post-thumbnail","6":"product_cat-bon-plan","7":"product_cat-collectionfun","8":"product_cat-grandes-tailles","9":"product_cat-nouveautes-de-la-semaine","10":"product_cat-nouvellecollection","11":"product_cat-robes","12":"product_cat-robes-grandes-tailles","13":"product_cat-vetements","14":"desktop-align-left","15":"tablet-align-left","16":"mobile-align-left","18":"first","19":"instock","20":"sale","21":"shipping-taxable","22":"purchasable","23":"product-type-simple"},"jetpack_sharing_enabled":true,"_links":{"self":[{"href":"https:\/\/www.dressing-fashion.fr\/index.php\/wp-json\/wp\/v2\/product\/27389","targetHints":{"allow":["GET"]}}],"collection":[{"href":"https:\/\/www.dressing-fashion.fr\/index.php\/wp-json\/wp\/v2\/product"}],"about":[{"href":"https:\/\/www.dressing-fashion.fr\/index.php\/wp-json\/wp\/v2\/types\/product"}],"replies":[{"embeddable":true,"href":"https:\/\/www.dressing-fashion.fr\/index.php\/wp-json\/wp\/v2\/comments?post=27389"}],"version-history":[{"count":1,"href":"https:\/\/www.dressing-fashion.fr\/index.php\/wp-json\/wp\/v2\/product\/27389\/revisions"}],"predecessor-version":[{"id":27395,"href":"https:\/\/www.dressing-fashion.fr\/index.php\/wp-json\/wp\/v2\/product\/27389\/revisions\/27395"}],"wp:featuredmedia":[{"embeddable":true,"href":"https:\/\/www.dressing-fashion.fr\/index.php\/wp-json\/wp\/v2\/media\/27394"}],"wp:attachment":[{"href":"https:\/\/www.dressing-fashion.fr\/index.php\/wp-json\/wp\/v2\/media?parent=27389"}],"wp:term":[{"taxonomy":"product_brand","embeddable":true,"href":"https:\/\/www.dressing-fashion.fr\/index.php\/wp-json\/wp\/v2\/product_brand?post=27389"},{"taxonomy":"product_cat","embeddable":true,"href":"https:\/\/www.dressing-fashion.fr\/index.php\/wp-json\/wp\/v2\/product_cat?post=27389"},{"taxonomy":"product_tag","embeddable":true,"href":"https:\/\/www.dressing-fashion.fr\/index.php\/wp-json\/wp\/v2\/product_tag?post=27389"}],"curies":[{"name":"wp","href":"https:\/\/api.w.org\/{rel}","templated":true}]}}