{"id":22321,"date":"2024-09-05T18:55:30","date_gmt":"2024-09-05T16:55:30","guid":{"rendered":"https:\/\/www.dressing-fashion.fr\/?post_type=product&#038;p=22321"},"modified":"2025-02-09T21:01:42","modified_gmt":"2025-02-09T20:01:42","slug":"parka-flintstones","status":"publish","type":"product","link":"https:\/\/www.dressing-fashion.fr\/index.php\/produit\/parka-flintstones\/","title":{"rendered":"Parka Flintstones"},"content":{"rendered":"<p>La parka pr\u00e9sent\u00e9e est une pi\u00e8ce originale qui attire l&rsquo;attention gr\u00e2ce \u00e0 son motif audacieux et ses d\u00e9tails cr\u00e9atifs. Le tissu arbore un imprim\u00e9 z\u00e9br\u00e9 en noir et orange flamboyant, conf\u00e9rant une allure \u00e0 la fois sauvage et stylis\u00e9e. La parka est l\u00e9g\u00e8rement ample mais se structure au niveau de la taille avec un cordon de serrage \u00e9lastique, permettant d&rsquo;ajuster la coupe pour un effet plus cintr\u00e9 et flatteur. La longueur est mi-cuisse, cr\u00e9ant une silhouette moderne et versatile, tandis que la capuche ajoute une touche pratique et urbaine.<\/p>\n<p>Le d\u00e9tail qui fait toute l&rsquo;originalit\u00e9 de cette parka se trouve au dos : un grand motif repr\u00e9sentant deux personnages f\u00e9minins en style cartoon, inspir\u00e9s des h\u00e9ro\u00efnes iconiques de la s\u00e9rie anim\u00e9e Les Pierrafeu (The Flintstones), Betty Rubble et Wilma Flintstone. Ces figures apportent une dimension ludique et vintage \u00e0 la pi\u00e8ce, ajoutant une touche de nostalgie et d&rsquo;humour.<\/p>\n<ul>\n<li>Manches longues<\/li>\n<li>Fermeture par un zip<\/li>\n<li>Poches sur les c\u00f4t\u00e9s<\/li>\n<li>Capuche<\/li>\n<li>Taille unique qui correspond jusqu&rsquo;au 52<\/li>\n<li>Tour de Poitrine 130 cm<\/li>\n<li>Tour de anches 150 cm<\/li>\n<li>Tour de Bras 50 cm<\/li>\n<li>Longueur devant 88 cm<\/li>\n<li>Longueur derri\u00e8re 100 cm<\/li>\n<\/ul>\n<p>Mati\u00e8re : 95% Polyester 5% Elasthanne<\/p>\n<p><span style=\"font-size: 16px\">Le mannequin mesure 1m66 et taille un 44.<\/span><\/p>\n<p>Les accessoires sont vendus s\u00e9par\u00e9ment.<\/p>\n<p>Lavage en machine \u00e0 froid \u2013 Programme d\u00e9licat \u2013 Eau de javel interdite<\/p>\n","protected":false},"excerpt":{"rendered":"<p>La parka pr\u00e9sent\u00e9e est une pi\u00e8ce originale qui attire l&rsquo;attention gr\u00e2ce \u00e0 son motif audacieux et ses d\u00e9tails cr\u00e9atifs. Le tissu arbore un imprim\u00e9 z\u00e9br\u00e9 en noir et orange flamboyant, conf\u00e9rant une allure \u00e0 la fois sauvage et stylis\u00e9e. La parka est l\u00e9g\u00e8rement ample mais se structure au niveau de la taille avec un cordon [&hellip;]<\/p>\n","protected":false},"featured_media":22322,"comment_status":"open","ping_status":"closed","template":"","meta":{"site-sidebar-layout":"default","site-content-layout":"default","ast-site-content-layout":"default","site-content-style":"default","site-sidebar-style":"default","ast-global-header-display":"","ast-banner-title-visibility":"","ast-main-header-display":"","ast-hfb-above-header-display":"","ast-hfb-below-header-display":"","ast-hfb-mobile-header-display":"","site-post-title":"","ast-breadcrumbs-content":"","ast-featured-img":"","footer-sml-layout":"","ast-disable-related-posts":"","theme-transparent-header-meta":"default","adv-header-id-meta":"","stick-header-meta":"","header-above-stick-meta":"","header-main-stick-meta":"","header-below-stick-meta":"","astra-migrate-meta-layouts":"set","ast-page-background-enabled":"default","ast-page-background-meta":{"desktop":{"background-color":"","background-image":"","background-repeat":"repeat","background-position":"center center","background-size":"auto","background-attachment":"scroll","background-type":"","background-media":"","overlay-type":"","overlay-color":"","overlay-opacity":"","overlay-gradient":""},"tablet":{"background-color":"","background-image":"","background-repeat":"repeat","background-position":"center center","background-size":"auto","background-attachment":"scroll","background-type":"","background-media":"","overlay-type":"","overlay-color":"","overlay-opacity":"","overlay-gradient":""},"mobile":{"background-color":"","background-image":"","background-repeat":"repeat","background-position":"center center","background-size":"auto","background-attachment":"scroll","background-type":"","background-media":"","overlay-type":"","overlay-color":"","overlay-opacity":"","overlay-gradient":""}},"ast-content-background-meta":{"desktop":{"background-color":"var(--ast-global-color-5)","background-image":"","background-repeat":"repeat","background-position":"center center","background-size":"auto","background-attachment":"scroll","background-type":"","background-media":"","overlay-type":"","overlay-color":"","overlay-opacity":"","overlay-gradient":""},"tablet":{"background-color":"var(--ast-global-color-5)","background-image":"","background-repeat":"repeat","background-position":"center center","background-size":"auto","background-attachment":"scroll","background-type":"","background-media":"","overlay-type":"","overlay-color":"","overlay-opacity":"","overlay-gradient":""},"mobile":{"background-color":"var(--ast-global-color-5)","background-image":"","background-repeat":"repeat","background-position":"center center","background-size":"auto","background-attachment":"scroll","background-type":"","background-media":"","overlay-type":"","overlay-color":"","overlay-opacity":"","overlay-gradient":""}},"_glsr_average":0,"_glsr_ranking":0,"_glsr_reviews":0},"product_brand":[],"product_cat":[59,294,108,84,34],"product_tag":[],"class_list":{"0":"post-22321","1":"product","2":"type-product","3":"status-publish","4":"has-post-thumbnail","6":"product_cat-bon-plan","7":"product_cat-collectionfun","8":"product_cat-nouveautes-de-la-semaine","9":"product_cat-nouvellecollection","10":"product_cat-vestesetblazers","11":"desktop-align-left","12":"tablet-align-left","13":"mobile-align-left","15":"first","16":"outofstock","17":"sale","18":"shipping-taxable","19":"purchasable","20":"product-type-simple"},"jetpack_sharing_enabled":true,"_links":{"self":[{"href":"https:\/\/www.dressing-fashion.fr\/index.php\/wp-json\/wp\/v2\/product\/22321","targetHints":{"allow":["GET"]}}],"collection":[{"href":"https:\/\/www.dressing-fashion.fr\/index.php\/wp-json\/wp\/v2\/product"}],"about":[{"href":"https:\/\/www.dressing-fashion.fr\/index.php\/wp-json\/wp\/v2\/types\/product"}],"replies":[{"embeddable":true,"href":"https:\/\/www.dressing-fashion.fr\/index.php\/wp-json\/wp\/v2\/comments?post=22321"}],"version-history":[{"count":2,"href":"https:\/\/www.dressing-fashion.fr\/index.php\/wp-json\/wp\/v2\/product\/22321\/revisions"}],"predecessor-version":[{"id":22948,"href":"https:\/\/www.dressing-fashion.fr\/index.php\/wp-json\/wp\/v2\/product\/22321\/revisions\/22948"}],"wp:featuredmedia":[{"embeddable":true,"href":"https:\/\/www.dressing-fashion.fr\/index.php\/wp-json\/wp\/v2\/media\/22322"}],"wp:attachment":[{"href":"https:\/\/www.dressing-fashion.fr\/index.php\/wp-json\/wp\/v2\/media?parent=22321"}],"wp:term":[{"taxonomy":"product_brand","embeddable":true,"href":"https:\/\/www.dressing-fashion.fr\/index.php\/wp-json\/wp\/v2\/product_brand?post=22321"},{"taxonomy":"product_cat","embeddable":true,"href":"https:\/\/www.dressing-fashion.fr\/index.php\/wp-json\/wp\/v2\/product_cat?post=22321"},{"taxonomy":"product_tag","embeddable":true,"href":"https:\/\/www.dressing-fashion.fr\/index.php\/wp-json\/wp\/v2\/product_tag?post=22321"}],"curies":[{"name":"wp","href":"https:\/\/api.w.org\/{rel}","templated":true}]}}