{"id":18953,"date":"2023-12-28T16:44:30","date_gmt":"2023-12-28T15:44:30","guid":{"rendered":"https:\/\/www.dressing-fashion.fr\/?post_type=product&#038;p=18953"},"modified":"2024-11-17T17:11:29","modified_gmt":"2024-11-17T16:11:29","slug":"pull-vogue","status":"publish","type":"product","link":"https:\/\/www.dressing-fashion.fr\/index.php\/produit\/pull-vogue\/","title":{"rendered":"Pull Vogue"},"content":{"rendered":"<p>Pulls de chez piment rouge sp\u00e9cialiste des grandes tailles<br \/>\nPull l\u00e9ger, mati\u00e8re confortable, manches longues, Col en V<br \/>\n\u00c9criteau \u00ab\u00a0Vogue\u00a0\u00bb<br \/>\nDisponible en plusieurs coloris<br \/>\nTaille unique jusqu\u2019au 52<\/p>\n<ul>\n<li>Un pull toujours \u00e0 la mode<\/li>\n<li>Parfait\u00a0 pour diverses\u00a0 occasions<\/li>\n<li>Manches\u00a0 longues<\/li>\n<li>Col V<\/li>\n<li>Taille unique correpond \u00e0 une morphologie du 46 au 52<\/li>\n<li>Tour de Poitrine 132cm<\/li>\n<li>Longueur 67cm devant, 74cm dos<\/li>\n<\/ul>\n<p>Mati\u00e8re :\u00a0 \u00a020% acrylique\u00a0 35% viscose\u00a0 35% Polyamide 10% laine<\/p>\n<p>Le mannequin mesure 1m73 et taille un 46.<\/p>\n<p>Les accessoires sont vendus s\u00e9par\u00e9ment.<\/p>\n<p>Lavage \u00e0 main\/ D\u00e9licat \u2013 Eau de javel interdite<\/p>\n","protected":false},"excerpt":{"rendered":"<p>Pulls de chez piment rouge sp\u00e9cialiste des grandes tailles Pull l\u00e9ger, mati\u00e8re confortable, manches longues, Col en V \u00c9criteau \u00ab\u00a0Vogue\u00a0\u00bb Disponible en plusieurs coloris Taille unique jusqu\u2019au 52 Un pull toujours \u00e0 la mode Parfait\u00a0 pour diverses\u00a0 occasions Manches\u00a0 longues Col V Taille unique correpond \u00e0 une morphologie du 46 au 52 Tour de Poitrine [&hellip;]<\/p>\n","protected":false},"featured_media":18960,"comment_status":"open","ping_status":"closed","template":"","meta":{"site-sidebar-layout":"default","site-content-layout":"default","ast-site-content-layout":"default","site-content-style":"default","site-sidebar-style":"default","ast-global-header-display":"","ast-banner-title-visibility":"","ast-main-header-display":"","ast-hfb-above-header-display":"","ast-hfb-below-header-display":"","ast-hfb-mobile-header-display":"","site-post-title":"","ast-breadcrumbs-content":"","ast-featured-img":"","footer-sml-layout":"","ast-disable-related-posts":"","theme-transparent-header-meta":"default","adv-header-id-meta":"","stick-header-meta":"","header-above-stick-meta":"","header-main-stick-meta":"","header-below-stick-meta":"","astra-migrate-meta-layouts":"set","ast-page-background-enabled":"default","ast-page-background-meta":{"desktop":{"background-color":"","background-image":"","background-repeat":"repeat","background-position":"center center","background-size":"auto","background-attachment":"scroll","background-type":"","background-media":"","overlay-type":"","overlay-color":"","overlay-opacity":"","overlay-gradient":""},"tablet":{"background-color":"","background-image":"","background-repeat":"repeat","background-position":"center center","background-size":"auto","background-attachment":"scroll","background-type":"","background-media":"","overlay-type":"","overlay-color":"","overlay-opacity":"","overlay-gradient":""},"mobile":{"background-color":"","background-image":"","background-repeat":"repeat","background-position":"center center","background-size":"auto","background-attachment":"scroll","background-type":"","background-media":"","overlay-type":"","overlay-color":"","overlay-opacity":"","overlay-gradient":""}},"ast-content-background-meta":{"desktop":{"background-color":"var(--ast-global-color-5)","background-image":"","background-repeat":"repeat","background-position":"center center","background-size":"auto","background-attachment":"scroll","background-type":"","background-media":"","overlay-type":"","overlay-color":"","overlay-opacity":"","overlay-gradient":""},"tablet":{"background-color":"var(--ast-global-color-5)","background-image":"","background-repeat":"repeat","background-position":"center center","background-size":"auto","background-attachment":"scroll","background-type":"","background-media":"","overlay-type":"","overlay-color":"","overlay-opacity":"","overlay-gradient":""},"mobile":{"background-color":"var(--ast-global-color-5)","background-image":"","background-repeat":"repeat","background-position":"center center","background-size":"auto","background-attachment":"scroll","background-type":"","background-media":"","overlay-type":"","overlay-color":"","overlay-opacity":"","overlay-gradient":""}},"_glsr_average":0,"_glsr_ranking":0,"_glsr_reviews":0},"product_brand":[],"product_cat":[59,26,35,108,84,40,24],"product_tag":[],"class_list":{"0":"post-18953","1":"product","2":"type-product","3":"status-publish","4":"has-post-thumbnail","6":"product_cat-bon-plan","7":"product_cat-gilets-et-pulls","8":"product_cat-grandes-tailles","9":"product_cat-nouveautes-de-la-semaine","10":"product_cat-nouvellecollection","11":"product_cat-pullsetgilets","12":"product_cat-vetements","13":"desktop-align-left","14":"tablet-align-left","15":"mobile-align-left","17":"first","18":"outofstock","19":"shipping-taxable","20":"product-type-variable"},"jetpack_sharing_enabled":true,"_links":{"self":[{"href":"https:\/\/www.dressing-fashion.fr\/index.php\/wp-json\/wp\/v2\/product\/18953","targetHints":{"allow":["GET"]}}],"collection":[{"href":"https:\/\/www.dressing-fashion.fr\/index.php\/wp-json\/wp\/v2\/product"}],"about":[{"href":"https:\/\/www.dressing-fashion.fr\/index.php\/wp-json\/wp\/v2\/types\/product"}],"replies":[{"embeddable":true,"href":"https:\/\/www.dressing-fashion.fr\/index.php\/wp-json\/wp\/v2\/comments?post=18953"}],"version-history":[{"count":1,"href":"https:\/\/www.dressing-fashion.fr\/index.php\/wp-json\/wp\/v2\/product\/18953\/revisions"}],"predecessor-version":[{"id":18971,"href":"https:\/\/www.dressing-fashion.fr\/index.php\/wp-json\/wp\/v2\/product\/18953\/revisions\/18971"}],"wp:featuredmedia":[{"embeddable":true,"href":"https:\/\/www.dressing-fashion.fr\/index.php\/wp-json\/wp\/v2\/media\/18960"}],"wp:attachment":[{"href":"https:\/\/www.dressing-fashion.fr\/index.php\/wp-json\/wp\/v2\/media?parent=18953"}],"wp:term":[{"taxonomy":"product_brand","embeddable":true,"href":"https:\/\/www.dressing-fashion.fr\/index.php\/wp-json\/wp\/v2\/product_brand?post=18953"},{"taxonomy":"product_cat","embeddable":true,"href":"https:\/\/www.dressing-fashion.fr\/index.php\/wp-json\/wp\/v2\/product_cat?post=18953"},{"taxonomy":"product_tag","embeddable":true,"href":"https:\/\/www.dressing-fashion.fr\/index.php\/wp-json\/wp\/v2\/product_tag?post=18953"}],"curies":[{"name":"wp","href":"https:\/\/api.w.org\/{rel}","templated":true}]}}