{"version":"1.0","provider_name":"Mode grande taille &amp; bijoux Francine Bramli \u00e0 Carcassonne","provider_url":"https:\/\/www.dressing-fashion.fr","author_name":"admin4266","author_url":"https:\/\/www.dressing-fashion.fr\/index.php\/author\/admin4266\/","title":"Veste Punky - Mode grande taille &amp; bijoux Francine Bramli \u00e0 Carcassonne","type":"rich","width":600,"height":338,"html":"<blockquote class=\"wp-embedded-content\" data-secret=\"b3X8wnMlEt\"><a href=\"https:\/\/www.dressing-fashion.fr\/index.php\/produit\/veste-punky\/\">Veste Punky<\/a><\/blockquote><iframe sandbox=\"allow-scripts\" security=\"restricted\" src=\"https:\/\/www.dressing-fashion.fr\/index.php\/produit\/veste-punky\/embed\/#?secret=b3X8wnMlEt\" width=\"600\" height=\"338\" title=\"\u00ab\u00a0Veste Punky\u00a0\u00bb &#8212; Mode grande taille &amp; bijoux Francine Bramli \u00e0 Carcassonne\" data-secret=\"b3X8wnMlEt\" frameborder=\"0\" marginwidth=\"0\" marginheight=\"0\" scrolling=\"no\" class=\"wp-embedded-content\"><\/iframe><script>\n\/*! This file is auto-generated *\/\n!function(d,l){\"use strict\";l.querySelector&&d.addEventListener&&\"undefined\"!=typeof URL&&(d.wp=d.wp||{},d.wp.receiveEmbedMessage||(d.wp.receiveEmbedMessage=function(e){var t=e.data;if((t||t.secret||t.message||t.value)&&!\/[^a-zA-Z0-9]\/.test(t.secret)){for(var s,r,n,a=l.querySelectorAll('iframe[data-secret=\"'+t.secret+'\"]'),o=l.querySelectorAll('blockquote[data-secret=\"'+t.secret+'\"]'),c=new RegExp(\"^https?:$\",\"i\"),i=0;i<o.length;i++)o[i].style.display=\"none\";for(i=0;i<a.length;i++)s=a[i],e.source===s.contentWindow&&(s.removeAttribute(\"style\"),\"height\"===t.message?(1e3<(r=parseInt(t.value,10))?r=1e3:~~r<200&&(r=200),s.height=r):\"link\"===t.message&&(r=new URL(s.getAttribute(\"src\")),n=new URL(t.value),c.test(n.protocol))&&n.host===r.host&&l.activeElement===s&&(d.top.location.href=t.value))}},d.addEventListener(\"message\",d.wp.receiveEmbedMessage,!1),l.addEventListener(\"DOMContentLoaded\",function(){for(var e,t,s=l.querySelectorAll(\"iframe.wp-embedded-content\"),r=0;r<s.length;r++)(t=(e=s[r]).getAttribute(\"data-secret\"))||(t=Math.random().toString(36).substring(2,12),e.src+=\"#?secret=\"+t,e.setAttribute(\"data-secret\",t)),e.contentWindow.postMessage({message:\"ready\",secret:t},\"*\")},!1)))}(window,document);\n\/\/# sourceURL=https:\/\/www.dressing-fashion.fr\/wp-includes\/js\/wp-embed.min.js\n<\/script>\n","thumbnail_url":"https:\/\/i0.wp.com\/www.dressing-fashion.fr\/wp-content\/uploads\/2025\/04\/2025-04-18-22-02-45-scaled.jpeg?fit=2560%2C2560&ssl=1","thumbnail_width":2560,"thumbnail_height":2560,"description":"&nbsp; Un vent de cr\u00e9ativit\u00e9 souffle sur cette veste en effet suedine \u00e0 imprim\u00e9 artistique et abstrait. Des couleurs vibrantes \u2013 rose, jaune, noir \u2013 fusionnent dans un motif audacieux pour un look fun, moderne et original. Fermeture zipp\u00e9e, coupe ample et confortable. Taille unique (jusqu\u2019au 52\/54) \u2013 Fabriqu\u00e9e en Italie. Remarque : les photos [&hellip;]"}

Mode grande taille &amp; bijoux Francine Bramli à Carcassonne

Veste Punky - Mode grande taille &amp; bijoux Francine Bramli à Carcassonne

<blockquote class="wp-embedded-content" data-secret="b3X8wnMlEt"><a href="https://www.dressing-fashion.fr/index.php/produit/veste-punky/">Veste Punky</a></blockquote><iframe sandbox="allow-scripts" security="restricted" src="https://www.dressing-fashion.fr/index.php/produit/veste-punky/embed/#?secret=b3X8wnMlEt" width="600" height="338" title="« Veste Punky » &#8212; Mode grande taille &amp; bijoux Francine Bramli à Carcassonne" data-secret="b3X8wnMlEt" frameborder="0" marginwidth="0" marginheight="0" scrolling="no" class="wp-embedded-content"></iframe><script>
/*! This file is auto-generated */
!function(d,l){"use strict";l.querySelector&&d.addEventListener&&"undefined"!=typeof URL&&(d.wp=d.wp||{},d.wp.receiveEmbedMessage||(d.wp.receiveEmbedMessage=function(e){var t=e.data;if((t||t.secret||t.message||t.value)&&!/[^a-zA-Z0-9]/.test(t.secret)){for(var s,r,n,a=l.querySelectorAll('iframe[data-secret="'+t.secret+'"]'),o=l.querySelectorAll('blockquote[data-secret="'+t.secret+'"]'),c=new RegExp("^https?:$","i"),i=0;i<o.length;i++)o[i].style.display="none";for(i=0;i<a.length;i++)s=a[i],e.source===s.contentWindow&&(s.removeAttribute("style"),"height"===t.message?(1e3<(r=parseInt(t.value,10))?r=1e3:~~r<200&&(r=200),s.height=r):"link"===t.message&&(r=new URL(s.getAttribute("src")),n=new URL(t.value),c.test(n.protocol))&&n.host===r.host&&l.activeElement===s&&(d.top.location.href=t.value))}},d.addEventListener("message",d.wp.receiveEmbedMessage,!1),l.addEventListener("DOMContentLoaded",function(){for(var e,t,s=l.querySelectorAll("iframe.wp-embedded-content"),r=0;r<s.length;r++)(t=(e=s[r]).getAttribute("data-secret"))||(t=Math.random().toString(36).substring(2,12),e.src+="#?secret="+t,e.setAttribute("data-secret",t)),e.contentWindow.postMessage({message:"ready",secret:t},"*")},!1)))}(window,document);
//# sourceURL=https://www.dressing-fashion.fr/wp-includes/js/wp-embed.min.js
</script>

&nbsp; Un vent de créativité souffle sur cette veste en effet suedine à imprimé artistique et abstrait. Des couleurs vibrantes – rose, jaune, noir – fusionnent dans un motif audacieux pour un look fun, moderne et original. Fermeture zippée, coupe ample et confortable. Taille unique (jusqu’au 52/54) – Fabriquée en Italie. Remarque : les photos [&hellip;]
