{"version":"1.0","provider_name":"Mode grande taille &amp; bijoux Francine Bramli \u00e0 Carcassonne","provider_url":"https:\/\/www.dressing-fashion.fr","author_name":"admin4266","author_url":"https:\/\/www.dressing-fashion.fr\/index.php\/author\/admin4266\/","title":"Veste\/Blazer Frida Kahlo - Mode grande taille &amp; bijoux Francine Bramli \u00e0 Carcassonne","type":"rich","width":600,"height":338,"html":"<blockquote class=\"wp-embedded-content\" data-secret=\"MoQbCTYKjy\"><a href=\"https:\/\/www.dressing-fashion.fr\/index.php\/produit\/veste-blazer-frida-kahlo\/\">Veste\/Blazer Frida Kahlo<\/a><\/blockquote><iframe sandbox=\"allow-scripts\" security=\"restricted\" src=\"https:\/\/www.dressing-fashion.fr\/index.php\/produit\/veste-blazer-frida-kahlo\/embed\/#?secret=MoQbCTYKjy\" width=\"600\" height=\"338\" title=\"\u00ab\u00a0Veste\/Blazer Frida Kahlo\u00a0\u00bb &#8212; Mode grande taille &amp; bijoux Francine Bramli \u00e0 Carcassonne\" data-secret=\"MoQbCTYKjy\" frameborder=\"0\" marginwidth=\"0\" marginheight=\"0\" scrolling=\"no\" class=\"wp-embedded-content\"><\/iframe><script>\n\/*! This file is auto-generated *\/\n!function(d,l){\"use strict\";l.querySelector&&d.addEventListener&&\"undefined\"!=typeof URL&&(d.wp=d.wp||{},d.wp.receiveEmbedMessage||(d.wp.receiveEmbedMessage=function(e){var t=e.data;if((t||t.secret||t.message||t.value)&&!\/[^a-zA-Z0-9]\/.test(t.secret)){for(var s,r,n,a=l.querySelectorAll('iframe[data-secret=\"'+t.secret+'\"]'),o=l.querySelectorAll('blockquote[data-secret=\"'+t.secret+'\"]'),c=new RegExp(\"^https?:$\",\"i\"),i=0;i<o.length;i++)o[i].style.display=\"none\";for(i=0;i<a.length;i++)s=a[i],e.source===s.contentWindow&&(s.removeAttribute(\"style\"),\"height\"===t.message?(1e3<(r=parseInt(t.value,10))?r=1e3:~~r<200&&(r=200),s.height=r):\"link\"===t.message&&(r=new URL(s.getAttribute(\"src\")),n=new URL(t.value),c.test(n.protocol))&&n.host===r.host&&l.activeElement===s&&(d.top.location.href=t.value))}},d.addEventListener(\"message\",d.wp.receiveEmbedMessage,!1),l.addEventListener(\"DOMContentLoaded\",function(){for(var e,t,s=l.querySelectorAll(\"iframe.wp-embedded-content\"),r=0;r<s.length;r++)(t=(e=s[r]).getAttribute(\"data-secret\"))||(t=Math.random().toString(36).substring(2,12),e.src+=\"#?secret=\"+t,e.setAttribute(\"data-secret\",t)),e.contentWindow.postMessage({message:\"ready\",secret:t},\"*\")},!1)))}(window,document);\n\/\/# sourceURL=https:\/\/www.dressing-fashion.fr\/wp-includes\/js\/wp-embed.min.js\n<\/script>\n","thumbnail_url":"https:\/\/i0.wp.com\/www.dressing-fashion.fr\/wp-content\/uploads\/2023\/11\/2023-11-14-15-13-22.jpeg?fit=1920%2C1920&ssl=1","thumbnail_width":1920,"thumbnail_height":1920,"description":"Le blazer Frida a \u00e9t\u00e9 confectionn\u00e9 pour les femmes \u00e0 forte personnalit\u00e9. Ce blazer original motif Frida kahlo et col en V \u00e0 revers est la veste que toute femme qui aime suivre les tendances devrait poss\u00e9der. Il va avec absolument tout et est parfait pour cet automne. Ce Blazer est parfait avec une robe [&hellip;]"}

Mode grande taille &amp; bijoux Francine Bramli à Carcassonne

Veste/Blazer Frida Kahlo - Mode grande taille &amp; bijoux Francine Bramli à Carcassonne

<blockquote class="wp-embedded-content" data-secret="MoQbCTYKjy"><a href="https://www.dressing-fashion.fr/index.php/produit/veste-blazer-frida-kahlo/">Veste/Blazer Frida Kahlo</a></blockquote><iframe sandbox="allow-scripts" security="restricted" src="https://www.dressing-fashion.fr/index.php/produit/veste-blazer-frida-kahlo/embed/#?secret=MoQbCTYKjy" width="600" height="338" title="« Veste/Blazer Frida Kahlo » &#8212; Mode grande taille &amp; bijoux Francine Bramli à Carcassonne" data-secret="MoQbCTYKjy" frameborder="0" marginwidth="0" marginheight="0" scrolling="no" class="wp-embedded-content"></iframe><script>
/*! This file is auto-generated */
!function(d,l){"use strict";l.querySelector&&d.addEventListener&&"undefined"!=typeof URL&&(d.wp=d.wp||{},d.wp.receiveEmbedMessage||(d.wp.receiveEmbedMessage=function(e){var t=e.data;if((t||t.secret||t.message||t.value)&&!/[^a-zA-Z0-9]/.test(t.secret)){for(var s,r,n,a=l.querySelectorAll('iframe[data-secret="'+t.secret+'"]'),o=l.querySelectorAll('blockquote[data-secret="'+t.secret+'"]'),c=new RegExp("^https?:$","i"),i=0;i<o.length;i++)o[i].style.display="none";for(i=0;i<a.length;i++)s=a[i],e.source===s.contentWindow&&(s.removeAttribute("style"),"height"===t.message?(1e3<(r=parseInt(t.value,10))?r=1e3:~~r<200&&(r=200),s.height=r):"link"===t.message&&(r=new URL(s.getAttribute("src")),n=new URL(t.value),c.test(n.protocol))&&n.host===r.host&&l.activeElement===s&&(d.top.location.href=t.value))}},d.addEventListener("message",d.wp.receiveEmbedMessage,!1),l.addEventListener("DOMContentLoaded",function(){for(var e,t,s=l.querySelectorAll("iframe.wp-embedded-content"),r=0;r<s.length;r++)(t=(e=s[r]).getAttribute("data-secret"))||(t=Math.random().toString(36).substring(2,12),e.src+="#?secret="+t,e.setAttribute("data-secret",t)),e.contentWindow.postMessage({message:"ready",secret:t},"*")},!1)))}(window,document);
//# sourceURL=https://www.dressing-fashion.fr/wp-includes/js/wp-embed.min.js
</script>

Le blazer Frida a été confectionné pour les femmes à forte personnalité. Ce blazer original motif Frida kahlo et col en V à revers est la veste que toute femme qui aime suivre les tendances devrait posséder. Il va avec absolument tout et est parfait pour cet automne. Ce Blazer est parfait avec une robe [&hellip;]
